 are the prime factors of o?
107
Let v = -166 - -165. Suppose -5*x + 3804 = -w, 3*x + w = -2*x + 3796. What are the prime factors of x/(-60)*(v - 11)?
2, 19
Suppose 16*c + 68 - 148 = 0. Let p(q) be the first derivative of 2*q**3/3 + 3*q**2/2 + 5*q - 2. List the prime factors of p(c).
2, 5, 7
Suppose 29*o - 1009403 = -15*o - 406999. List the prime factors of o.
13691
Suppose 0 = 6*l + 5*l - 143. Suppose -l = b - 1. Let i = b + 68. What are the prime factors of i?
2, 7
Let p(u) = 406*u**2 + 87*u + 184. What are the prime factors of p(-2)?
2, 19, 43
Let g(j) = 42*j**2 + 2*j + 1. Suppose 10 + 8 = 6*v. Let f be 1 + (0 - 3)/3*v. What are the prime factors of g(f)?
3, 5, 11
Let n be -140 - 1 - (-2 + 0). Suppose -590 = -2*p - 88. Let w = n + p. List the prime factors of w.
2, 7
Suppose y + 8 - 34 = -4*o, -5*o + 25 = 0. What are the prime factors of y/21 - (-5 - (-3156)/(-28))?
2, 59
Let z = 30 - 9. Let q(f) = f**2 - 21*f + 4. Let d be q(z). Let l = 109 - d. What are the prime factors of l?
3, 5, 7
Suppose 0 = -4*o + 5*k + 38117, 38110 = 10*o - 6*o + 2*k. List the prime factors of o.
2, 3, 397
Suppose -3*h + 216 + 39 = 0. Let d(g) = -g**2 + 8*g - 5. Let j be d(4). Let l = h - j. List the prime factors of l.
2, 37
Let j = -2786 - -1726. Let n = 1585 + j. What are the prime factors of n?
3, 5, 7
Let g be -12*((-7308)/16)/7. Suppose -g = -18*k + 1287. List the prime factors of k.
5, 23
What are the prime factors of 8833/(-22)*640/(-20)?
2, 11, 73
Suppose -1372415 = -860*m + 805*m. List the prime factors of m.
24953
Let l(o) = 1329*o**3 + o**2 + 8*o - 9. Let x = 467 + -466. List the prime factors of l(x).
3, 443
Suppose 5*k + g = 2127, 0 = -2*k + 2*g - 34 + 892. Suppose -28*o = -30*o + k. List the prime factors of o.
3, 71
Let u = 5198 + -2686. Suppose 0 = 2*t + k - 1003, -9*t + 4*t - k + u = 0. What are the prime factors of t?
503
Let d = -394 - -382. What are the prime factors of (d/4)/(3/(-923))?
13, 71
Let h be 12/4 - -247 - 4. Suppose 3*p - 3*w + 222 - 960 = 0, 4*w + h = p. List the prime factors of p.
2, 3, 41
Let s = -2910 - -3349. List the prime factors of s.
439
Let x = 271 - 104. Suppose 5*y - 557 + x = 0. What are the prime factors of y?
2, 3, 13
Let d(v) = -4*v**2 - v - 2. Let s = 11 + -13. Let f be d(s). Let l = f + 27. List the prime factors of l.
11
Let n(w) = -w**2 - 66*w + 152. What are the prime factors of n(-50)?
2, 7, 17
Suppose r = -4*y, -2*y - 6 = -4*r + 3*r. Suppose r*b = -0*b - 2*n + 1482, 0 = 4*n - 20. List the prime factors of b.
2, 23
Suppose -10*v + 721 + 569 = 0. Suppose -4*o + 2*f + 391 = 7*f, -91 = -o + f. Suppose 0 = 4*u + 2*b - o, 0 = 4*u + 3*b + 36 - v. List the prime factors of u.
2, 3
Let r be (-4)/16 - (142125/(-20))/5. Suppose r = 3*x - 673. What are the prime factors of x?
2, 349
Suppose 35*y + 182906 = 1207006. List the prime factors of y.
2, 5, 7, 11, 19
Let m be (-18)/24 - 2/(8/(-363)). Let r = m + 23. Suppose n + 4*h = r, -203 - 383 = -5*n + h. What are the prime factors of n?
3, 13
Suppose 0 = 4*b + u - 3765 - 22123, 5*u = 0. List the prime factors of b.
2, 809
Suppose 20 - 17 = 3*z, -4*k - 5*z = -23049. What are the prime factors of k?
7, 823
Let b be (-2 + 1)/(4/1548*-3). Suppose 2*d - 3*n = -173, 49 = -5*d - n - 375. Let y = b + d. List the prime factors of y.
2, 11
Let z(i) = i**3 - 10*i**2 - 10*i - 1. Let g be z(11). Let k(r) = 64*r + 112. List the prime factors of k(g).
2, 47
Let l be ((-824)/5 - 2)/((-3)/50). Suppose 0 = 2*i + 1058 - l. What are the prime factors of i?
3, 7, 41
Suppose -13*s + 56 = -11*s. Let y(l) = -3*l + s - l - 53 - 29. List the prime factors of y(-29).
2, 31
Let t(u) be the second derivative of u**3/3 - 16*u**2 + 6*u. Let b be t(13). Let i(m) = -8*m. List the prime factors of i(b).
2, 3
Let v(w) = w**2 + 3*w. Let n(c) = -c**2 + 19*c - 26. Let b(l) = -n(l) + 4*v(l). List the prime factors of b(5).
2, 29
Let c = 4367 - 1410. List the prime factors of c.
2957
Let c = -154 - -109. Let u be 90/(-4)*(-4)/(-6). Let x = u - c. What are the prime factors of x?
2, 3, 5
List the prime factors of 68/476*(-1 + 179124).
25589
Suppose -83013 = -13633*m + 13626*m. List the prime factors of m.
3, 59, 67
Suppose 3*z - 3*l = 253824, -90*z + 88*z = -l - 169215. List the prime factors of z.
19, 61, 73
Let v = -141 + 329. Let w = v - -3. List the prime factors of w.
191
Let b = 47 + -43. Suppose -b*k - 954 = -6*k - 4*p, 5*p = 5. What are the prime factors of k?
5, 19
List the prime factors of -9*(4/16)/((-12)/25792).
2, 3, 13, 31
Suppose -12*l - 42 = -18*l. List the prime factors of 2*((-12741)/(-217))/(2/l).
3, 137
Let p(z) = z + 1. Let h(i) = -9*i - 27. Let d(r) = -2*h(r) - 14*p(r). Let f be d(-13). Let b = 35 - f. List the prime factors of b.
47
Let h(f) = -3*f + 52. Let c be h(0). Suppose 4*q = 6*q - s - c, -2*s - 131 = -5*q. Suppose 0 = t - k - q - 13, -k = -1. List the prime factors of t.
41
Let d(b) = -2*b**3 + 115*b**2 + 55*b + 340. What are the prime factors of d(57)?
2, 41
What are the prime factors of (1 + 150)*(-844)/(-20) + (-24)/120?
2, 3, 59
Let a = -44000 + 72034. List the prime factors of a.
2, 107, 131
Let i(p) = 11*p + 46. Let h be i(-7). Let n = h - -19. What are the prime factors of (1116/10 - 0) + n/20?
3, 37
Let v(l) = -l**3 - 34*l**2 - 66*l + 25. Let h be v(-32). What are the prime factors of h - (1/(-2))/(4/8)?
2, 3, 5
Suppose 4*y = -0*y + 3*z + 715, -2*z - 535 = -3*y. Suppose -4*t + y = 19. What are the prime factors of t?
3, 13
Suppose -15*o = 2 - 496 - 106. What are the prime factors of o?
2, 5
Let t be (-3 - -5)*11/(-2). Let k be (1 + (-12)/9)*(t + -4). What are the prime factors of (-2 - -2)/k - (-55)/1?
5, 11
Let b be (-160)/(-280) - (-10)/7. Suppose -10*t + 5*a - 726 = -12*t, -5*t + b*a = -1873. List the prime factors of t.
373
Suppose 2*t = -4*h + 60, -t + h + 28 = 5*h. Let p = 38 - t. Suppose 5*z - 545 = 3*i - p*i, 2*i - 2*z - 358 = 0. List the prime factors of i.
2, 3, 5
Let t = 0 - 1. Let g be (((0/(-2))/2)/t)/1. List the prime factors of (-4708)/(-44)*(g - (0 + -1)).
107
Suppose 5*i + m - 5632 = 0, -313 = -i - 2*m + 808. Let g = 2319 - i. List the prime factors of g.
2, 149
Let c = 1924 + 5097. List the prime factors of c.
7, 17, 59
Let p(f) = 112*f**2 - 377*f + 84. What are the prime factors of p(22)?
2, 109, 211
Let z be 4/28*19 + 6/21. Suppose 0 = -4*k + 5*k + 4*i, 0 = k + 3*i - z. Let r = 276 + k. What are the prime factors of r?
2, 3
Let c be (-9)/(-3) - (32 - 5). Let b(r) = r**2 + 30*r + 24. Let o be b(c). Let n = -60 - o. What are the prime factors of n?
2, 3, 5
Let z(b) = -12*b**2 - b. Let h be z(1). Let l(d) = -7*d + 7. Let k(v) = 22*v + 1. Let q(n) = -k(n) - l(n). What are the prime factors of q(h)?
11, 17
What are the prime factors of ((-210)/210)/(1/(-521))?
521
Let b(a) = a**3 + a + 79. Let p(n) = 4 - 7*n**2 - 6*n + 3 - 5*n**2 + 11*n**2. Let w be p(-7). List the prime factors of b(w).
79
Suppose x - 2 = 0, -2*f - 3*f + 671 = 3*x. Let q = -6624 + 6628. Suppose -f = -q*p + 195. What are the prime factors of p?
2, 41
What are the prime factors of (-21)/(-56) + (268415/40)/7?
7, 137
Let b be (((-504)/(-15))/6)/(2/5). Let h be 192/b + (-10)/(-35). Suppose 2*l - h = 66. What are the prime factors of l?
2, 5
Suppose -h = -34*h + 522093. Suppose -31*y = -44*y + h. List the prime factors of y.
1217
Let c(p) = p**2 - 646. Let j be c(0). Let m = j - -442. Let x = m - -473. List the prime factors of x.
269
Suppose 3*h - 3700 = 2*v + 4653, 4 = -2*v. What are the prime factors of h?
11, 23
Suppose 67 = -6*o - 95. Let i = 2 - o. Suppose -v + 36 = -i. List the prime factors of v.
5, 13
Suppose -3*f - 2*u = -41342, -4*f + 5*u + 26148 = -28967. List the prime factors of f.
2, 5, 13, 53
Let m = -42 + 42. Suppose 5*a - 78 = -b + 218, 2*b - 3*a - 644 = m. Suppose -10*u = -6*u - b. What are the prime factors of u?
79
Let c = 141176 + -72662. What are the prime factors of c?
2, 3, 19, 601
Let q(s) be the third derivative of 41*s**6/40 + s**5/20 - s**4/12 - 2*s**2 + 149*s. List the prime factors of q(2).
2, 31
Let c be (0 + (-1)/3)/((-5)/210). Let z(s) = 5*s**2 - 7*s - 41. Let p be z(c). Suppose 179 = 4*h - p. What are the prime factors of h?
3, 5, 17
Suppose 3*j = -5*w + 244710, 16*w = 13*w - 4*j + 146837. What are the prime factors of w?
3, 11, 1483
Let y(i) = 1220*i**2 + 12